{"id":813,"date":"2023-02-18T11:27:47","date_gmt":"2023-02-18T10:27:47","guid":{"rendered":"https:\/\/www.archiv-zessner-spitzenberg.at\/?page_id=813"},"modified":"2023-02-19T13:39:11","modified_gmt":"2023-02-19T12:39:11","slug":"theresia-von-zessner-spitzenberg-geb-buquoy","status":"publish","type":"page","link":"https:\/\/www.archiv-zessner-spitzenberg.at\/?page_id=813","title":{"rendered":"Theresia Ze\u00dfner von Spitzenberg, geb. Buquoy"},"content":{"rendered":"\t\t<div data-elementor-type=\"wp-page\" data-elementor-id=\"813\" class=\"elementor elementor-813\">\n\t\t\t\t\t\t<section class=\"elementor-section elementor-top-section elementor-element elementor-element-a4b4ff8 elementor-section-boxed elementor-section-height-default elementor-section-height-default\" data-id=\"a4b4ff8\" data-element_type=\"section\" data-e-type=\"section\">\n\t\t\t\t\t\t<div class=\"elementor-container elementor-column-gap-default\">\n\t\t\t\t\t<div class=\"elementor-column elementor-col-100 elementor-top-column elementor-element elementor-element-bef782d\" data-id=\"bef782d\" data-element_type=\"column\" data-e-type=\"column\">\n\t\t\t<div class=\"elementor-widget-wrap elementor-element-populated\">\n\t\t\t\t\t\t<div class=\"elementor-element elementor-element-035aebf elementor-widget elementor-widget-image\" data-id=\"035aebf\" data-element_type=\"widget\" data-e-type=\"widget\" data-widget_type=\"image.default\">\n\t\t\t\t<div class=\"elementor-widget-container\">\n\t\t\t\t\t\t\t\t\t\t\t\t\t\t\t<img decoding=\"async\" width=\"111\" height=\"141\" src=\"https:\/\/www.archiv-zessner-spitzenberg.at\/wp-content\/uploads\/2023\/02\/Theresia-von-Zessner-Spitzenberg.jpg\" class=\"attachment-medium size-medium wp-image-814\" alt=\"\" \/>\t\t\t\t\t\t\t\t\t\t\t\t\t\t\t<\/div>\n\t\t\t\t<\/div>\n\t\t\t\t\t<\/div>\n\t\t<\/div>\n\t\t\t\t\t<\/div>\n\t\t<\/section>\n\t\t\t\t<section class=\"elementor-section elementor-top-section elementor-element elementor-element-5f114bc elementor-section-boxed elementor-section-height-default elementor-section-height-default\" data-id=\"5f114bc\" data-element_type=\"section\" data-e-type=\"section\">\n\t\t\t\t\t\t<div class=\"elementor-container elementor-column-gap-default\">\n\t\t\t\t\t<div class=\"elementor-column elementor-col-100 elementor-top-column elementor-element elementor-element-8d79f4a\" data-id=\"8d79f4a\" data-element_type=\"column\" data-e-type=\"column\">\n\t\t\t<div class=\"elementor-widget-wrap elementor-element-populated\">\n\t\t\t\t\t\t<div class=\"elementor-element elementor-element-c7f9711 elementor-widget elementor-widget-text-editor\" data-id=\"c7f9711\" data-element_type=\"widget\" data-e-type=\"widget\" data-widget_type=\"text-editor.default\">\n\t\t\t\t<div class=\"elementor-widget-container\">\n\t\t\t\t\t\t\t\t\t<p><span lang=\"DE\" style=\"font-family: 'Alegreya Sans';\" data-web-font-module=\"google\" data-font-info=\"{&quot;font&quot;:&quot;Alegreya Sans&quot;,&quot;webfont&quot;:true,&quot;variant&quot;:null,&quot;module&quot;:&quot;google&quot;}\">1807-1869<\/span><\/p>\n<p><span lang=\"DE\" style=\"font-family: 'Alegreya Sans';\" data-web-font-module=\"google\" data-font-info=\"{&quot;font&quot;:&quot;Alegreya Sans&quot;,&quot;webfont&quot;:true,&quot;variant&quot;:null,&quot;module&quot;:&quot;google&quot;}\">Theresia war die \u00c4lteste ihrer vier Geschwister. 1830 heiratete sie Vinzenz Ze\u00dfner Spitzenberg, und es war offensichtlich eine Liebesheirat. Von Theresia sind neben anderen Schriftst\u00fccken sechs Tageb\u00fccher erhalten, die sie ab ihrer Hochzeit bis zu ihrem Tod gef\u00fchrt hat. So gut wie nie schreibt sie \u00fcber ihren Mann, ohne ihn den \u201eguten\u201c, \u201etheuren\u201c, \u201evortrefflichen\u201c, \u201egeliebten\u201c Vinzenz zu nennen. Die beiden hatten elf Kinder, acht T\u00f6chter und drei S\u00f6hne, wovon zwei fr\u00fch starben. Die Erziehung ihrer T\u00f6chter \u00fcbernahm sie weitgehend selbst, nur der Sohn Heinrich wurde &#8211; wie damals \u00fcblich &#8211; einem eigenen Erzieher \u00fcbergeben.<\/span><\/p>\n<p><span lang=\"DE\" style=\"font-family: 'Alegreya Sans';\" data-web-font-module=\"google\" data-font-info=\"{&quot;font&quot;:&quot;Alegreya Sans&quot;,&quot;webfont&quot;:true,&quot;variant&quot;:null,&quot;module&quot;:&quot;google&quot;}\">Die Tageb\u00fccher enthalten nur selten Pers\u00f6nliches, nur bei Familienereignissen oder Reisen erfahren wir etwas von ihren Eindr\u00fccken, ganz selten kommentiert sie Politisches. Daf\u00fcr h\u00e4lt sie genau Buch dar\u00fcber, wer zu Besuch kommt, wer zu Freunden und Verwandten reist und wann die R\u00fcckkehr erfolgte. So erschlie\u00dft sich manche weitere Verwandtschaft&nbsp;und der engere Freundeskreis. Sie selbst wird als liebende und f\u00fcrsorgliche Ehefrau, Mutter und Gro\u00dfmutter erkennbar, eher dem Land- als dem glamour\u00f6sen Stadtleben zugeneigt. Und trotz des herrschaftlichen Umfelds war sie anderen gegen\u00fcber freundlich und respektvoll, unabh\u00e4ngig von deren Stand. <\/span><\/p>\n<p><span lang=\"DE\" style=\"font-family: 'Alegreya Sans';\" data-web-font-module=\"google\" data-font-info=\"{&quot;font&quot;:&quot;Alegreya Sans&quot;,&quot;webfont&quot;:true,&quot;variant&quot;:null,&quot;module&quot;:&quot;google&quot;}\">Stammfolge:<\/span><\/p>\n<p><span lang=\"DE\" style=\"font-family: 'Alegreya Sans';\" data-web-font-module=\"google\" data-font-info=\"{&quot;font&quot;:&quot;Alegreya Sans&quot;,&quot;webfont&quot;:true,&quot;variant&quot;:null,&quot;module&quot;:&quot;google&quot;}\">Buquoy &gt; Ze\u00dfner<\/span><\/p>\t\t\t\t\t\t\t\t<\/div>\n\t\t\t\t<\/div>\n\t\t\t\t\t<\/div>\n\t\t<\/div>\n\t\t\t\t\t<\/div>\n\t\t<\/section>\n\t\t\t\t<\/div>\n\t\t","protected":false},"excerpt":{"rendered":"<p>1807-1869 Theresia war die \u00c4lteste ihrer vier Geschwister. 1830 heiratete sie Vinzenz Ze\u00dfner Spitzenberg, und es war offensichtlich eine Liebesheirat. Von Theresia sind neben anderen Schriftst\u00fccken sechs Tageb\u00fccher erhalten, die sie ab ihrer Hochzeit bis zu ihrem Tod gef\u00fchrt hat. So gut wie nie schreibt sie \u00fcber ihren Mann, ohne ihn den \u201eguten\u201c, \u201etheuren\u201c, \u201evortrefflichen\u201c, [&hellip;]<\/p>\n","protected":false},"author":1,"featured_media":0,"parent":18,"menu_order":0,"comment_status":"closed","ping_status":"closed","template":"","meta":{"footnotes":""},"class_list":["post-813","page","type-page","status-publish","hentry","post"],"_links":{"self":[{"href":"https:\/\/www.archiv-zessner-spitzenberg.at\/index.php?rest_route=\/wp\/v2\/pages\/813","targetHints":{"allow":["GET"]}}],"collection":[{"href":"https:\/\/www.archiv-zessner-spitzenberg.at\/index.php?rest_route=\/wp\/v2\/pages"}],"about":[{"href":"https:\/\/www.archiv-zessner-spitzenberg.at\/index.php?rest_route=\/wp\/v2\/types\/page"}],"author":[{"embeddable":true,"href":"https:\/\/www.archiv-zessner-spitzenberg.at\/index.php?rest_route=\/wp\/v2\/users\/1"}],"replies":[{"embeddable":true,"href":"https:\/\/www.archiv-zessner-spitzenberg.at\/index.php?rest_route=%2Fwp%2Fv2%2Fcomments&post=813"}],"version-history":[{"count":8,"href":"https:\/\/www.archiv-zessner-spitzenberg.at\/index.php?rest_route=\/wp\/v2\/pages\/813\/revisions"}],"predecessor-version":[{"id":982,"href":"https:\/\/www.archiv-zessner-spitzenberg.at\/index.php?rest_route=\/wp\/v2\/pages\/813\/revisions\/982"}],"up":[{"embeddable":true,"href":"https:\/\/www.archiv-zessner-spitzenberg.at\/index.php?rest_route=\/wp\/v2\/pages\/18"}],"wp:attachment":[{"href":"https:\/\/www.archiv-zessner-spitzenberg.at\/index.php?rest_route=%2Fwp%2Fv2%2Fmedia&parent=813"}],"curies":[{"name":"wp","href":"https:\/\/api.w.org\/{rel}","templated":true}]}}